) = -g**2 - 36*g + 50. Determine a(5).
-155
Let l(j) = j**3 + 3*j**2 - 501*j + 74. Calculate l(-24).
2
Let l(z) = -2*z**2 + 102*z - 14. What is l(0)?
-14
Let w(n) = -n**3 - n**2 + 173*n + 815. Determine w(-5).
50
Let g(l) = 316*l + 4153. Determine g(-13).
45
Let k(w) = -3*w**3 + 5*w**2 + 17*w + 2. Determine k(-2).
12
Let b(p) = -p**3 - 3*p**2 + 7*p + 908. What is b(9)?
-1
Let d(u) = -25*u**2 - 1071*u + 177. Give d(-43).
5
Let m(b) = b**3 + 4*b**2 - 15*b + 15. What is m(4)?
83
Let c(b) = -b**3 + 3*b**2 + 55*b - 3. Give c(11).
-366
Let i(w) = -26*w - 134. Calculate i(-16).
282
Let u(c) = c**2 - 433*c - 14885. What is u(-32)?
-5
Let x(f) = -19*f - 658. What is x(-38)?
64
Let x(q) = -q**3 + 71*q**2 + 69*q + 185. What is x(72)?
-31
Let c(a) = -42*a**2 - 282*a - 31. Give c(-7).
-115
Let o(x) = 3*x**3 + 7*x - 43. Give o(6).
647
Let u(p) = 3*p**2 + 16*p - 10. Determine u(4).
102
Let j(r) = 6*r**2 + 49*r + 16. Calculate j(-6).
-62
Let g(k) = 122*k + 1710. Determine g(-14).
2
Let o(v) = 21*v**2 + 12*v + 19. Give o(-4).
307
Let j(v) = v**2 - 30*v + 42. Give j(26).
-62
Let s(o) = -223*o + 925. Determine s(4).
33
Let s(r) = -16*r**2 + 125*r - 95. Determine s(7).
-4
Let c(x) = 112*x - 360. What is c(3)?
-24
Let q(n) = -4*n**2 + 13*n + 48. What is q(-3)?
-27
Let z(l) = 2*l**2 + 21*l + 76. Determine z(-6).
22
Let a(y) = -6*y - 117. Determine a(-3).
-99
Let v(u) = -34*u**3 + 9*u**2 + 2*u + 5. Calculate v(-2).
309
Let p(a) = 184*a + 1494. Calculate p(-8).
22
Let t(p) = -p**2 + 61*p - 879. Calculate t(34).
39
Let s(m) = -9*m**2 + 190*m + 389. Give s(23).
-2
Let l(y) = y**2 + 110*y - 5922. Calculate l(39).
-111
Let v(i) = -23*i + 222. Determine v(10).
-8
Let d(z) = -5*z**3 + 16*z**2 - 18*z - 12. Give d(3).
-57
Let u(c) = 11*c**2 + 35*c - 17. Determine u(-4).
19
Let n(v) = -v**2 + 103*v - 2682. Calculate n(50).
-32
Let h(l) = 71*l + 648. Give h(-9).
9
Let m(o) = 691*o - 7603. Calculate m(11).
-2
Let a(x) = x**3 + 10*x**2 - 191*x - 1869. Calculate a(-14).
21
Let u(n) = -123*n + 7125. Give u(58).
-9
Let k(c) = -62*c**2 + 4*c. Give k(-3).
-570
Let r(g) = 10078*g + 191498. What is r(-19)?
16
Let i(v) = 2*v**2 + 23*v - 64. Determine i(-12).
-52
Let a(b) = b**3 - 7*b**2 - 56*b - 37. What is a(12)?
11
Let z(k) = -4*k**3 + 4*k**2 - 17*k - 4. What is z(3)?
-127
Let p(t) = 3*t**2 - 18*t + 5. What is p(10)?
125
Let t(o) = -305*o + 49118. What is t(161)?
13
Let q(v) = -25*v**2 + 228*v - 370. What is q(7)?
1
Let n(c) = -5*c**2 + 5*c + 18. What is n(-7)?
-262
Let s(x) = 336*x - 5070. Calculate s(15).
-30
Let j(h) = -4*h + 169. Determine j(50).
-31
Let n(z) = z**3 + 63*z**2 + 183*z + 148. Determine n(-60).
-32
Let f(p) = 5*p + 181. Calculate f(-25).
56
Let i(c) = 6*c + 382. Calculate i(-64).
-2
Let i(b) = -30*b + 1849. Determine i(66).
-131
Let h(o) = -40*o + 118. What is h(3)?
-2
Let b(s) = -68*s**2 + 14412*s + 849. What is b(212)?
1
Let d(k) = -4*k**3 + 5*k**2 + 12*k + 5. Determine d(-2).
33
Let f(g) = 459*g + 7349. Give f(-16).
5
Let u(s) = -1718*s + 18875. What is u(11)?
-23
Let y(r) = -92*r**2 + 1943*r - 17. What is y(21)?
214
Let y(r) = -48*r**2 + 6*r - 1. What is y(-1)?
-55
Let i(s) = 2*s**3 - 6*s**2 - 14*s + 39. Give i(4).
15
Let b(u) = -u**2 + 47*u - 418. Determine b(12).
2
Let n(c) = 3*c**3 + 22*c**2 + 12*c - 6. Give n(-7).
-41
Let d(b) = -87*b - 325. Determine d(-4).
23
Let r(d) = -2*d**2 + 133*d + 38556. Calculate r(176).
12
Let f(d) = -d**3 - 3*d**2 + 61*d + 4. What is f(10)?
-686
Let q(p) = 9*p**3 - 5*p**2 - 22*p + 92. What is q(5)?
982
Let b(q) = -3*q**2 - 56*q - 241. Determine b(-12).
-1
Let p(z) = 2*z**3 - 46*z**2 + 28*z - 165. Give p(22).
-517
Let z(c) = c**3 + 7*c**2 + 44*c + 230. What is z(-6)?
2
Let j(y) = 25*y**2 + 245*y + 367. Determine j(-8).
7
Let u(n) = -4*n**2 - 3*n + 40. Calculate u(3).
-5
Let g(l) = -l**2 + 12*l + 99. Calculate g(31).
-490
Let a(j) = 80*j - 2129. What is a(27)?
31
Let g(c) = -4*c**2 + 18*c + 14. Calculate g(5).
4
Let k(l) = 27*l - 266. Give k(12).
58
Let q(h) = -50500*h + 201996. Determine q(4).
-4
Let j(n) = -5*n - 149. Calculate j(-25).
-24
Let r(u) = -81*u - 260. What is r(-3)?
-17
Let p(n) = n**2 + 393*n - 393. Determine p(1).
1
Let z(v) = -v**2 + 65*v + 1386. What is z(-17)?
-8
Let r(c) = 1441*c + 11533. Calculate r(-8).
5
Let f(s) = -34*s**3 + 101*s**2 - 107*s + 5. What is f(1)?
-35
Let t(y) = -4*y**3 + 13*y**2 - 71*y + 328. Give t(4).
-4
Let i(j) = 3*j**3 - 775*j**2 + 248*j + 2580. Calculate i(258).
0
Let b(s) = -s**2 - 30*s - 195. Calculate b(-17).
26
Let h(y) = 2*y**3 - 19*y**2 - 21*y - 16. Give h(14).
1454
Let h(r) = -139*r + 33367. Calculate h(240).
7
Let q(y) = -y**3 + 63*y**2 - 290*y + 2. Determine q(5).
2
Let t(z) = -z**3 + 4*z**2 + 20*z - 67. Determine t(6).
-19
Let h(u) = -1271*u + 858. What is h(1)?
-413
Let q(m) = 8*m**2 - 3*m - 44. Give q(-5).
171
Let m(w) = 41*w + 785. Calculate m(-21).
-76
Let u(k) = 2*k**3 + 7*k**2 + 21*k + 104. Calculate u(-5).
-76
Let k(r) = 11*r**2 + 13*r + 35. Calculate k(-4).
159
Let h(z) = 54*z - 787. Give h(13).
-85
Let f(u) = -477*u + 954. Give f(2).
0
Let k(x) = x**2 - 26*x - 48. Give k(24).
-96
Let x(j) = j**2 + 80*j + 3. Calculate x(-2).
-153
Let o(h) = -h**2 - 20*h + 1816. What is o(35)?
-109
Let s(h) = h**3 - 16*h**2 + 23*h - 25. What is s(15)?
95
Let h(c) = -14*c + 24. What is h(13)?
-158
Let h(l) = 3*l**3 - 32*l**2 + 56*l + 4. Determine h(2).
12
Let s(t) = -7*t**2 + 124*t + 116. Give s(19).
-55
Let d(p) = 6*p**2 + 126*p + 754. What is d(-11)?
94
Let j(r) = 8*r**2 - 9*r + 7. Calculate j(0).
7
Let f(a) = -7*a + 54. Calculate f(-13).
145
Let p(k) = -5*k**2 + 2*k + 8. Give p(-2).
-16
Let k(a) = 98*a**3 - 4*a**2 + 4*a + 2. Determine k(1).
100
Let k(h) = h**2 + 8*h - 120. What is k(-16)?
8
Let i(j) = -2*j**2 + 22*j + 519. Determine i(-20).
-721
Let v(g) = 49*g - 36. What is v(-2)?
-134
Let g(z) = -7*z**3 + 5*z**2 - 7*z + 21. What is g(-4)?
577
Let k(z) = z**2 + 22*z + 18. Determine k(-4).
-54
Let g(l) = -l**2 + 3*l + 46. Give g(9).
-8
Let h(k) = 4*k**2 - 35*k - 55. Calculate h(10).
-5
Let n(r) = -2*r**2 - 63*r - 306. Give n(-6).
0
Let v(n) = -n**3 + 14*n**2 - 29*n - 3. Give v(7).
137
Let i(p) = 2*p**3 - 234*p**2 + 900*p + 19. Give i(4).
3
Let v(g) = 4*g**2 + 12*g - 88. Determine v(-11).
264
Let t(u) = -2*u**2 + 14*u + 1931. Determine t(34).
95
Let k(i) = -i**3 - 13*i**2 + 12*i - 13. Give k(-13).
-169
Let m(g) = 2*g**2 + 28*g - 792. What is m(14)?
-8
Let x(k) = -1727*k + 31076. Determine x(18).
-10
Let q(a) = -a**2 - a + 13. Calculate q(11).
-119
Let a(l) = l**2 + 130*l + 2647. Give a(-25).
22
Let f(g) = -g**3 + 22*g**2 + 40*g + 227. Calculate f(24).
35
Let a(r) = r**2 - 30*r - 163. Give a(-18).
701
Let s(k) = -k**3 - 13*k**2 + 4*k - 19. Give s(-13).
-71
Let z(h) = -h**3 + 156*h**2 + 815*h + 59. What is z(-5)?
9
Let q(p) = -26*p**2 + 261*p + 8. Calculate q(10).
18
Let y(l) = 155*l + 4651. Determine y(-30).
1
Let u(g) = 3*g + 82. Calculate u(-40).
-38
Let h(j) = -845*j + 86190. What is h(102)?
0
Let y(l) = -27*l - 124. Determine y(-5).
11
Let v(d) = 13*d**2 - 30*d - 319. What is v(-8)?
753
Let k(w) = 401*w - 40503. What is k(101)?
-2
Let i(g) = -17*g**2 + 525*g - 458. Calculate i(30).
-8
Let h(r) = 57*r**2 - 123*r - 383. Determine h(-3).
499
Let p(v) = 2*v**2 - 61*v + 385. Determine p(7).
56
Let b(s) = 25*s + 112. Determine b(-5).
-13
Let q(t) = -4*t**2 - 47*t - 4. Determine q(-6).
134
Let g(x) = -3*x**2 - 80*x + 825. Give g(8).
-7
Let r(i) = -2844*i - 22653. Determine r(-8).
99
Let p(c) = 214*c - 4125. What is p(19)?
-59
Let n(j) = 8*j - 352. Calculate n(51).
56
Let q(g) = g**2 + 4*g - 90. What is q(9)?
27
Let f(h) = h**2 - 61*h + 658. Give f(45).
-62
Let o(b) = -159*b**2 + 108440*b - 1365. Give o(682).
-1
Let w(i) = 11*i + 50. Give w(-5).
-5
Let b(x) = x**3 - 129*x**2 - 817*x + 947. Determine b(135).
2
Let d(b) = -9*b + 63. Give d(-17).
216
Let i(h) = -3*h**3 - 77*h**2 - 55*h - 44. Give i(-25).
81
Let g(a) = a**3 - a**2 + a + 5. Give g(3).
26
Let l(r) = -5*r**3 - 298*r**2 + 116*r - 233. What is l(-60)?
7
Let b(w) = 4*w**3 - 3*w**2 + 19*w - 8. Determine b(2).
50
Let o(c) = c**3 + 21*c**2 - 26*c - 29. Determine o(-22).
59
Let o(m) = -m**3 - 34*m**2 - 48*m - 494. Determine o(-33).
1
Let i(m) = -m**2 - 99*m - 1401. Give i(-82).
-7
Let i(x) = 15*x + 144. Calculate i(0).
144
Let f(q) = 2